e 0 = 4*k - 44 - l. What are the prime factors of k?
19
Let s = 488 + -106. List the prime factors of s.
2, 191
What are the prime factors of 0 + -9 - -2 - -449?
2, 13, 17
Let n be (1/(-7)*-7)/((-2)/(-4)). Let k(b) = 50*b - 4. What are the prime factors of k(n)?
2, 3
Suppose -23 = -6*j + 1. Suppose 4*f = j*s + 80, f - s + 94 = 6*f. List the prime factors of f.
19
Let z = -66 + 155. Suppose x = -0*q + 2*q - z, 5*q = -3*x + 206. What are the prime factors of q?
43
Suppose 5*v - 3672 = 5*m + 103, 5*v = 4*m + 3776. List the prime factors of v.
2, 3, 7
Suppose 27*p = 23*p + 16. Suppose 3*v - 416 = -v. Suppose -2*f + f + 4 = -5*t, -v = -p*f - 2*t. What are the prime factors of f?
2, 3
List the prime factors of (2 - 3)*(-5)/(10/2554).
1277
Suppose 2*y + y + 345 = 0. What are the prime factors of ((-32)/20)/(2/y)?
2, 23
Let z be 4/(-26) + 0 - (-201)/39. Suppose -4*g = -3*h - 456, -2*h + 593 = -0*g + z*g. What are the prime factors of g?
3, 13
Let h = 4 - 5. Let p be (10/30)/(h/(-30)). Suppose 110 = 4*n + p. List the prime factors of n.
5
Let v = 108 - 152. Let g = v + 51. List the prime factors of g.
7
Suppose -q + 25 = -17. Let c = 70 - q. Suppose 4*s - c = 3*s. What are the prime factors of s?
2, 7
Let n be (-6 - -4)*30/4. Let q = n - -60. What are the prime factors of q?
3, 5
Let q = -34 + 38. Suppose -w + 99 = 2*s, 4*s - 183 - 213 = -q*w. What are the prime factors of w?
3, 11
Let a(z) = -10*z - 10. Let b(q) = -q. Let y(s) = -a(s) + 3*b(s). List the prime factors of y(7).
59
Let a(w) = -63*w**3 - 29*w**2 + 12*w + 3. List the prime factors of a(-4).
13, 271
Let q be (-9)/((-27)/(-2))*306. What are the prime factors of q/24*(-5 + 1)?
2, 17
Let p(s) = -3575*s + 256. List the prime factors of p(-1).
3, 1277
Suppose -5*z - 44 = -4*p, 3 + 9 = 4*p + 3*z. Suppose 0 = -2*u - 4 - p. Let l(x) = x**2 + 4*x - 2. What are the prime factors of l(u)?
3
Let d be (-9)/(-21) - 160/14. Let r = 7 + d. What are the prime factors of (-2)/r - 120/(-16)?
2
Let k be (6 - 4)*(2 - 1). Suppose k*w + 2*v + 14 = -2*v, 0 = -3*w + v + 14. Suppose -o + 22 = 4*p, 2*p + 3*p - 31 = -w*o. List the prime factors of o.
2
Suppose 0 = 2*c + 2*c - 4*q - 40, 4*c - 25 = q. Let t(g) = -g**3 + 4*g**2 + 5*g. Let w be t(c). Suppose w*i + i - 58 = 0. List the prime factors of i.
2, 29
Suppose 4*d = -21 + 1. Let m be 16/10 + (-2)/d. Suppose m*p = -4*a + 36, 2*p = 5*a - 18 + 63. List the prime factors of p.
2, 5
Let g = 198 + 395. List the prime factors of g.
593
Let z(q) = -q**3 + 9*q**2 - 2*q + 10. Let j be z(5). Suppose -i - u = -j, 4*u + 167 = 5*i - 297. What are the prime factors of i?
2, 3
Let p = 38 + -23. Let f = p - -20. List the prime factors of f.
5, 7
Let a(x) be the first derivative of x**2/2 + 5*x + 3. Let z be a(0). Suppose 0 = -2*i - 2*i - 2*k + 112, z*k + 6 = i. What are the prime factors of i?
2, 13
Let n be 2*(-5 + (0 - -3)). Let x = 1930 + -1345. List the prime factors of x/18 + (-6)/n.
2, 17
Suppose -5*z + 3715 = 47*s - 46*s, 5*z - 3715 = -3*s. What are the prime factors of z?
743
Let x(z) = 6*z + 6*z**2 - 20*z + 9*z. What are the prime factors of x(5)?
5
Let i(l) = 16*l - 7. Suppose 0 = 2*z - 4, -21 = -3*v - 5*z + 7. Suppose 19 = v*a - 5. List the prime factors of i(a).
3, 19
Let k(s) = s**3 + 19*s**2 - 19*s + 23. Let a be k(-20). Let d = 279 - 160. Suppose a*i + j = d, 0*i - 170 = -5*i + 4*j. What are the prime factors of i?
2, 19
Suppose 0 = 2*q + 5*c - 93, 0*q + 149 = 3*q - 2*c. Let j = q + -24. List the prime factors of j.
5
Let f be (8/(-12))/(-2) - (-2625)/9. Suppose -a + f = 3*a. List the prime factors of a.
73
Let w(a) = a**3 + 2*a**2 - 7*a - 64. Let p(m) = -2*m**3 - 4*m**2 + 15*m + 129. Let z(u) = -6*p(u) - 13*w(u). List the prime factors of z(0).
2, 29
Let b(n) = n**3 + 4*n**2 + 2*n - 4. Let z = -30 + 33. What are the prime factors of b(z)?
5, 13
What are the prime factors of (-144365)/(-50) + (-115)/50 + 2?
2887
Let r(b) = 43*b + 1002. List the prime factors of r(-9).
3, 5, 41
Suppose -30 = 5*i + 10. Let g = -18 + 30. Let w = i + g. What are the prime factors of w?
2
Let o be (-28)/6*198/(-77). Let g(l) = l**2 - 8*l - 9. List the prime factors of g(o).
3, 13
Let l = 3 - -19. List the prime factors of 2/(22/2253) + 4/l.
5, 41
Suppose -10*x + 433 = -9*x. What are the prime factors of x?
433
Suppose -9*h - 2877 = -36978. What are the prime factors of h?
3, 421
Let b = 10 + -15. Let m be (2/(-6))/(b/15). What are the prime factors of (41 - 3/(-3)) + m?
43
List the prime factors of 2*(-26697)/22*-1.
3, 809
Let q = -312 + 1852. What are the prime factors of q?
2, 5, 7, 11
Let z = 1156 - 461. List the prime factors of z.
5, 139
Suppose -240 = 3*a + a. Let c = -35 - a. List the prime factors of c.
5
Suppose -4*a = -7 - 9. Suppose 0*x = -a*x + 64. Let p = x - 3. What are the prime factors of p?
13
Let h(r) = r**3 - 16*r**2 + 27*r - 50. List the prime factors of h(17).
2, 349
Suppose 2*i - 1283 = 857. What are the prime factors of i?
2, 5, 107
Let o = -54 + 224. Suppose 5*d = 155 + o. What are the prime factors of d?
5, 13
What are the prime factors of (10/(240/84))/(3/834)?
7, 139
Let i(z) = -4*z - 1 - 55*z**2 + 53*z**2 - 3*z. List the prime factors of i(-3).
2
Let f be (-1 + 2/4)/(2/(-320)). Suppose x - u - f - 22 = 0, -3*u = -x + 96. What are the prime factors of x?
3, 5, 7
Let n(o) = 2*o**2 - 5*o - 7. Let r = -18 + 23. What are the prime factors of n(r)?
2, 3
Suppose 13*d - 5263 - 8309 = 0. What are the prime factors of d?
2, 3, 29
Suppose 0 = -51*w - 21974 + 222404. List the prime factors of w.
2, 3, 5, 131
Let u(d) be the second derivative of -d**3/2 + 132*d**2 - 29*d. List the prime factors of u(0).
2, 3, 11
Let f = 20 - 29. Let r = f - -21. Let v = r + -3. List the prime factors of v.
3
Suppose 12187 = 3*a + 2*q, 5*a = 4*q + 1158 + 19183. List the prime factors of a.
3, 5, 271
Let s = -35 - -140. Suppose 13*h - 18*h = -s. What are the prime factors of h?
3, 7
Suppose -2*t - 31 = -35. Suppose 5*y - 345 = 3*u, 3*y - t*y = 2*u + 76. What are the prime factors of y?
2, 3, 11
Suppose 10*p = 5*p - 2*u + 44, -p + 4*u = 0. List the prime factors of p.
2
Suppose 3*a = -2*b + 78, -4*b + 15*a + 174 = 12*a. Suppose -5*o - 160 = -10. Let z = o + b. What are the prime factors of z?
2, 3
Let m(a) = -a**3 - 13*a**2 + 12*a - 9. Let k(f) = -f - 5. Let o be k(9). List the prime factors of m(o).
19
Suppose 2*i - 5*o = 5872, 3*o + 11716 = -36*i + 40*i. What are the prime factors of i?
2, 7, 11, 19
Suppose -z + 6 - 3 = 0. Suppose 6*g - 355 = -5*l + g, z*g + 379 = 5*l. What are the prime factors of l?
2, 37
Let g = 57 + -43. List the prime factors of -21*((-62)/g + 4).
3
Let q(i) = -i**2 + 2*i**2 - 4 + 3*i + 11*i + 18. What are the prime factors of q(-14)?
2, 7
What are the prime factors of (-13786)/(-10) + (-18)/(-45)?
7, 197
Suppose -4*v + 3*m + 360 = 7*m, -4*m = -v + 70. Let b = v - 48. What are the prime factors of b?
2, 19
What are the prime factors of (-4312)/((-7)/1) + -5?
13, 47
Let x = -136 + 240. Let o = x + 41. Suppose 5*c = -2*b + o, -5*b = 4*c - 4*b - 116. List the prime factors of c.
29
What are the prime factors of 2*6*(-3717)/56*-2?
3, 59
Let r = 1610 + 127. What are the prime factors of r?
3, 193
Suppose -13*k + k = -11412. What are the prime factors of k?
3, 317
Suppose 3*q - 5*u - 759 - 113 = 0, 3*u = q - 288. What are the prime factors of q?
2, 3, 7
Let q = 0 + 4. Suppose -15 = -5*k + q*w, 0 = -5*k - 2*w + w + 15. Suppose k*d + 3 = 162. List the prime factors of d.
53
Let p be 1 + -1 + (-1 - 6) + 5. Let v(q) = -q**3 - 2. What are the prime factors of v(p)?
2, 3
Suppose 5*m + 0*u = -4*u - 12, -m + 3*u + 9 = 0. Let d(f) = -f**2 + 6. Let i be d(m). What are the prime factors of (-595)/(-14) + i/4?
2, 11
Let v(w) = -w**2 - 4*w - 3. Let f be v(-2). Suppose 2*j + 5*u = 5*j - 5, -3*u = -j - f. Suppose 10 = -j*o + 100. What are the prime factors of o?
2, 3
Let o(x) = x**2 - x - 248. Let g = 27 - 27. Let i be o(g). What are the prime factors of (i/(-32))/((-1)/(-4))?
31
Suppose -2*h - x + 1 = 0, 0*h = -3*h - 3*x - 3. Suppose -h*a = 2*a + 2*o - 44, -3*a = o - 32. List the prime factors of a.
2, 5
Let q be -21*(-2)/6 + -3. Suppose 3*o - q = 2. Suppose -n = -o - 4. List the prime factors of n.
2, 3
Let p be 10/(-15) + 5/3. Let b be 0/3 - p - 167. What are the prime factors of 2